1 - -18cc7a2?
18cc7a3
In base 2, what is -1111 - -1100110001011010000110?
1100110001011001110111
In base 13, what is 851a + -1aa?
8340
In base 3, what is 212220102211022 + 1?
212220102211100
In base 13, what is 7 + -79c213b?
-79c2134
In base 2, what is 111000000101100010 - -100001?
111000000110000011
In base 7, what is 112 - -136641623?
136642035
In base 2, what is -1000011011011110001010 + 100?
-1000011011011110000110
In base 5, what is 12331 + 424222?
442103
In base 14, what is 76dd8 + 3d?
77037
In base 15, what is -760b + 46d?
-718d
In base 9, what is -47886573 - -4?
-47886568
In base 12, what is -30ba524 - 5?
-30ba529
In base 8, what is 200 - -4672064?
4672264
In base 13, what is -117 - b661aa?
-b662c4
In base 10, what is 55672 - -5530?
61202
In base 13, what is -697 + -52a28?
-533c2
In base 16, what is -34c0 - -5804?
2344
In base 7, what is 10 - 65012152?
-65012142
In base 5, what is -4 + 40330001?
40324442
In base 10, what is -4516 + -100000?
-104516
In base 11, what is a3702 - -39?
a3740
In base 5, what is -431101 + -2002?
-433103
In base 14, what is 29c81c + -380?
29c47c
In base 7, what is -326264464 - 1?
-326264465
In base 16, what is 18 + -23a0c?
-239f4
In base 6, what is 2 + -103133242?
-103133240
In base 16, what is -413300 - -10?
-4132f0
In base 7, what is -11315 + -35004?
-46322
In base 10, what is -103 + -45595?
-45698
In base 10, what is -984 - 51699?
-52683
In base 7, what is -31121166 + 22?
-31121144
In base 14, what is c - 984addd?
-984add1
In base 2, what is 101111001110100010111111110 + -1?
101111001110100010111111101
In base 3, what is 12011121001122 + 11?
12011121001210
In base 7, what is 46321524 + 16?
46321543
In base 2, what is 11011110 - -1100000111100?
1100100011010
In base 9, what is -168437 - 130?
-168567
In base 4, what is 12010 - 2111222131?
-2111210121
In base 15, what is 55a971 + 0?
55a971
In base 9, what is 174 - 21154?
-20870
In base 5, what is 101300232000 - -1?
101300232001
In base 3, what is 121010002220002 + 2?
121010002220011
In base 9, what is -6035 + 652?
-5273
In base 15, what is 16d + 2469?
25d7
In base 11, what is -1047937 - -7a?
-1047868
In base 16, what is -407 + 781?
37a
In base 10, what is -946 + -58587?
-59533
In base 9, what is -3000103 - 106?
-3000210
In base 11, what is 1648a52 + -3?
1648a4a
In base 10, what is 2 - -65095223?
65095225
In base 11, what is 20 - 253a77?
-253a57
In base 8, what is 1665 + 157710?
161575
In base 9, what is 5244084 - 0?
5244084
In base 5, what is -42 + 4002434240?
4002434143
In base 10, what is -133 + -11267?
-11400
In base 10, what is 1 - 11643068?
-11643067
In base 15, what is 59 + 76aa5?
76b0e
In base 6, what is 0 + -111435114?
-111435114
In base 11, what is -3118 - 487a?
-7997
In base 15, what is -125353b + -1?
-125353c
In base 10, what is -81 + -149660?
-149741
In base 13, what is 2 + -7569806?
-7569804
In base 13, what is a5b - -8909?
9667
In base 6, what is 223 + -1444325?
-1444102
In base 15, what is 178 - -340b4?
3423c
In base 6, what is -41352 - 524040?
-1005432
In base 13, what is -1c3 + -33006?
-331c9
In base 16, what is 4 - 28329ef?
-28329eb
In base 13, what is 1 + 46392285?
46392286
In base 8, what is -2373 - 1770?
-4363
In base 3, what is -20 - -222111221112020?
222111221112000
In base 9, what is 31627583 + 1?
31627584
In base 12, what is -766a49 + -42?
-766a8b
In base 8, what is 13656 + 14416?
30274
In base 15, what is 7e - b987a2?
-b98723
In base 8, what is 2 + 1012513566?
1012513570
In base 11, what is -67234 + 295?
-66a4a
In base 15, what is -55118a - -2?
-551188
In base 9, what is -6237110 + 414?
-6236585
In base 11, what is -9a0614 - 4?
-9a0618
In base 4, what is 3 + 2020000230300?
2020000230303
In base 6, what is -1132150530 - -1?
-1132150525
In base 16, what is -303821 - -5?
-30381c
In base 5, what is 1 - -1412412342?
1412412343
In base 6, what is -31 - 5345044?
-5345115
In base 9, what is 3527 + -1431?
2086
In base 4, what is -12132300122 + 220?
-12132233302
In base 7, what is 155 - 5252531?
-5252343
In base 16, what is -1 - -2362672?
2362671
In base 2, what is -1011110111111011110 + -111111?
-1011111000000011101
In base 16, what is 5 - -9b4b660?
9b4b665
In base 4, what is -223132122 - 1002100?
-230200222
In base 16, what is 5 - -afb9ee?
afb9f3
In base 12, what is 2014190 - 9?
2014183
In base 13, what is -aa33591 - 1?
-aa33592
In base 16, what is -2 + -209ed5c?
-209ed5e
In base 8, what is -10616 + -324770?
-335606
In base 6, what is 1505102515 + 10?
1505102525
In base 12, what is -38a - a36a?
-a738
In base 5, what is 21 - 2123311324?
-2123311303
In base 16, what is -2 - 488716?
-488718
In base 10, what is -2 + 2336439?
2336437
In base 12, what is 1617814 - -3?
1617817
In base 10, what is 13597444 - 14?
13597430
In base 13, what is -3 - 3128306?
-3128309
In base 3, what is -100211102222 + -100101?
-100211210100
In base 6, what is 5400255335 + 5?
5400255344
In base 3, what is -1021110 + -221200120?
-222222000
In base 9, what is -4 - -36655816?
36655812
In base 14, what is 6d4 - d1?
603
In base 4, what is -33 + 12221320012?
12221313313
In base 13, what is 1b799 + -48?
1b751
In base 12, what is 5 - -639065?
63906a
In base 7, what is -5034 - 14154?
-22221
In base 9, what is -437218 + 133?
-437075
In base 5, what is -102 + 3220013141?
3220013034
In base 3, what is -1 - 10121112001022002?
-10121112001022010
In base 5, what is -2244222100 - 4?
-2244222104
In base 12, what is 35 + -18b927?
-18b8b2
In base 3, what is -100212010022011 - 1?
-100212010022012
In base 3, what is 12022011120101 + -20?
12022011120011
In base 14, what is -9967b8 + -17?
-9967d1
In base 7, what is -146 - 265355040?
-265355216
In base 14, what is 61bcd9 + -b1?
61bc28
In base 15, what is 1da1 + b05?
29a6
In base 8, what is -3310 + -33743?
-37253
In base 13, what is -3aa - -3a485?
3a0a8
In base 5, what is -21 - 334214311?
-334214332
In base 15, what is 103daea9 + 3?
103daeac
In base 11, what is -398249a8 - -5?
-398249a3
In base 12, what is -345209 - -3?
-345206
In base 16, what is 1bc20b3 - -6?
1bc20b9
In base 16, what is 50f8 + 270d?
7805
In base 6, what is 131154132 - 5?
131154123
In base 9, what is 3 - 12407870?
-12407866
In base 10, what is 1 - -2825942?
2825943
In base 8, what is -6310 + -126?
-6436
In base 8, what is 0 - -1602417255?
1602417255
In base 6, what is -1 - -1220203214?
1220203213
In base 2, what is -11111110111010101 + -1010010?
-11111111000100111
In base 15, what is 189de5b + 21?
189de7c
In base 8, what is 421516 - 4?
421512
In base 2, what is -1101101011101111110 + 11101000?
-1101101011010010110
In base 9, what is 254337 + -16?
254321
In base 7, what is 115101 - 120115?
-2014
In base 5, what is -4044343 + 1312?
-4043031
In base 9, what is 2842663 + 382?
2843155
In base 4, what is -3 + 3320011?
3320002
In base 16, what is 72b0f - 13?
72afc
In base 11, what is -2a66575 - -11?
-2a66564
In base 8, what is -4 - 43706232?
-43706236
In base 16, what is a15750 - -d?
a1575d
In base 14, what is 42 - -949bb?
94a1d
In base 12, what is 544078 - -770?
544828
In base 8, what is -166426 - -5?
-166421
In base 11, what is -158 - -209354?
2091a7
In base 5, what is 120424124244 - -3?
120424124302
In base 3, what is -11002 - 12212112000002?
-12212112011011
In base 12, what is -365129b - -18?
-3651283
In base 5, what is 123313122320 + -4?
123313122311
In base 10, what is -3 - -3199077?
3199074
In base 4, what is 23200 - -2301301?
2331101
In base 14, what is -3487a + 7c?
-347dc
In base 4, what is 10330100 + 3221?
10333321
In base 2, what is 10000110111000 - 11011101000100?
-1010110001100
In base 13, what is -1393a3 + 12?
-139391
In base 4, what is -31112103030301 - -10?
-31112103030231
In base 8, what is -230545371 - 4?
-230545375
In base 10, what is -530892 - -31?
-530861
In base 14, what is 33 + -7b93c?
-7b909
In base 10, what is -316 - 11910?
-12226
In base 16, what is -46 + 29186b?
291825
In base 11, what is 11208a - -532?
112611
In base 2, what is -1001001110100011 + 1000100101011?
-1000001001111000
In base 12, what is 1a2 + 83b78?
8415a
In base 10, what is 1804 - 67345?
-65541
In base 8, what is 460015 + -1046?
456747
In base 10, what is 11535118 - 0?
11535118
In base 15, what is -d5a60400 - -5?
-d5a603ea
In base 11, what is -20814901 + -9?
-2081490a
In base 12, what is -